at is 3 + -2922?
-291c
In base 4, what is 130 + 2101013?
2101203
In base 8, what is 4354422 + 5?
4354427
In base 14, what is 7b50a + -18?
7b4d2
In base 12, what is 867 - 15?
852
In base 4, what is 1100311 + 321?
1101232
In base 5, what is -43014 - -413?
-42101
In base 14, what is -128a - -4?
-1286
In base 16, what is -8a2 + b3?
-7ef
In base 15, what is -ace + -3?
-ad2
In base 6, what is -1025005 - 124?
-1025133
In base 3, what is 221112 - 201?
220211
In base 4, what is -1 + 1102022100?
1102022033
In base 7, what is 14205 - 14?
14161
In base 9, what is -154 + 11716?
11552
In base 16, what is 38dbc + -2?
38dba
In base 13, what is 2 + -8b26?
-8b24
In base 10, what is -245 - -371?
126
In base 16, what is 159 - 6ae?
-555
In base 16, what is 21 - -f4?
115
In base 10, what is -237 - -93?
-144
In base 12, what is -a - 10078?
-10086
In base 12, what is -1 + -5071?
-5072
In base 4, what is -23131002 - 131?
-23131133
In base 10, what is -8810 - -12?
-8798
In base 3, what is 11 - 21201120?
-21201102
In base 16, what is -13c + -fe?
-23a
In base 14, what is 59 + 1b12?
1b6b
In base 14, what is 565 - 7?
55c
In base 10, what is 6399 - -3?
6402
In base 16, what is 1 + 1efe?
1eff
In base 7, what is 2 + -31153?
-31151
In base 14, what is 2 - -7a0c2?
7a0c4
In base 16, what is -130 + -980?
-ab0
In base 16, what is 3 + 33c6?
33c9
In base 8, what is 1130 - 56?
1052
In base 3, what is 101 - -1000?
1101
In base 7, what is -122 + -1251?
-1403
In base 4, what is 0 - 103121200?
-103121200
In base 16, what is -5 + 1003?
ffe
In base 3, what is -2 - 1112012110?
-1112012112
In base 7, what is -2 - -2166152?
2166150
In base 8, what is 657 - -4372?
5251
In base 6, what is -210145 - 5?
-210154
In base 11, what is -239 + -9426?
-9664
In base 16, what is -1114 - d?
-1121
In base 5, what is -30131 - 3403?
-34034
In base 8, what is 762 - 125?
635
In base 10, what is -4 + -100156?
-100160
In base 8, what is -403271 - 7?
-403300
In base 13, what is -60 + 4a31?
49a1
In base 12, what is -12b727a + -1?
-12b727b
In base 2, what is 111010011011011001 - 110?
111010011011010011
In base 14, what is -495 - 518?
-9ad
In base 5, what is 3 - -11101434?
11101442
In base 6, what is 4 - 110015?
-110011
In base 8, what is -4 + 736324?
736320
In base 6, what is -1 + -10332154?
-10332155
In base 16, what is -29 - -51e1?
51b8
In base 14, what is 60372 - -3?
60375
In base 15, what is -2a + b7?
8c
In base 5, what is -442 + 3344?
2402
In base 8, what is -64477 + -5?
-64504
In base 5, what is -30323 - -3203?
-22120
In base 7, what is -1124041 - -4?
-1124034
In base 9, what is 38 - -10521?
10560
In base 9, what is 1 - -203377?
203378
In base 10, what is 1048086 - -4?
1048090
In base 6, what is -210041 + -3?
-210044
In base 6, what is -21 + 3320?
3255
In base 7, what is -3 - 332115?
-332121
In base 9, what is 206 + 683?
1000
In base 9, what is -102524 - 51?
-102575
In base 15, what is 1 + -a31b?
-a31a
In base 10, what is 5177 + -4?
5173
In base 8, what is 177753 + -26?
177725
In base 6, what is -30112112 - 0?
-30112112
In base 2, what is -10110 + -101110100100?
-101110111010
In base 5, what is 41202241 - -24?
41202320
In base 5, what is -104 + 413321?
413212
In base 6, what is 41401 - 511?
40450
In base 7, what is 3410 - 124?
3253
In base 13, what is 4a + -1c?
2b
In base 5, what is -23142 + 201?
-22441
In base 13, what is -101 - -12a?
29
In base 5, what is 1 - 1412423?
-1412422
In base 7, what is -1310 - 155?
-1465
In base 11, what is -31220 + 7?
-31214
In base 16, what is -5 - -40521?
4051c
In base 13, what is 3b6 + -31?
385
In base 14, what is -2 - 26047?
-26049
In base 7, what is 114425445 - 1?
114425444
In base 2, what is -1001000 + -1010111?
-10011111
In base 15, what is -7609 - -16?
-75e3
In base 4, what is 11111330 + 12?
11112002
In base 14, what is 19 + -2513?
-24d8
In base 7, what is 12 + 6645015?
6645030
In base 8, what is -46 - 6363?
-6431
In base 10, what is 4653 - -15?
4668
In base 11, what is -1196a6 - 5?
-119700
In base 11, what is -14 - -1845?
1831
In base 7, what is -1523500 + -4?
-1523504
In base 8, what is -14674 - 26?
-14722
In base 14, what is -101d0 - 8?
-101d8
In base 16, what is -7d7 - 7?
-7de
In base 10, what is -70 + 664?
594
In base 15, what is 17b98 + 4?
17b9c
In base 15, what is -24ec + -6d?
-256a
In base 5, what is 33 - 2323?
-2240
In base 7, what is 14601 + -30?
14541
In base 8, what is 1 - 5651532?
-5651531
In base 15, what is -21b7a - 4?
-21b7e
In base 8, what is 1076256 + -1?
1076255
In base 10, what is 33988 + -32?
33956
In base 16, what is -181 - -5e6?
465
In base 2, what is -10001110100111 - 100010?
-10001111001001
In base 3, what is 2 + -22001110102?
-22001110100
In base 13, what is 17 - a0cc?
-a0b5
In base 10, what is -70 + -602?
-672
In base 11, what is 1 + -18451?
-18450
In base 15, what is 1c - 4ad?
-491
In base 5, what is 122220040 + -1?
122220034
In base 11, what is -8456 + -1?
-8457
In base 16, what is 3 - -d6077?
d607a
In base 12, what is -3 + 5568?
5565
In base 5, what is 220 - -144?
414
In base 16, what is -5 + -2c6?
-2cb
In base 16, what is -1190 - -161?
-102f
In base 5, what is 11 - -1021340?
1021401
In base 14, what is 3 - -c14b?
c150
In base 6, what is 4 + 43001343?
43001351
In base 9, what is 38876 - 2?
38874
In base 11, what is 13229 + 5?
13233
In base 10, what is -29559 + 0?
-29559
In base 11, what is -4 - -11316?
11312
In base 16, what is 3 + -db63?
-db60
In base 16, what is -17e - -2f4?
176
In base 3, what is 210220010 - 2?
210220001
In base 8, what is -46 + -44316?
-44364
In base 6, what is 341 - -54?
435
In base 2, what is 0 - 10011011011110001?
-10011011011110001
In base 3, what is -200212022 + 1201?
-200210121
In base 16, what is 1 - -11a2?
11a3
In base 9, what is 882 + 445?
1437
In base 2, what is -111100111 - 10001110?
-1001110101
In base 5, what is -4142404 + -10?
-4142414
In base 14, what is -23d + 233?
-a
In base 16, what is -62c + -d?
-639
In base 15, what is -1de12 + 6?
-1de0b
In base 8, what is 124 - 21415?
-21271
In base 3, what is -12102012021102 + 2?
-12102012021100
In base 9, what is 3 + 211685?
211688
In base 10, what is -449 + 4?
-445
In base 6, what is 405 - -3413?
4222
In base 9, what is -5 + -18686?
-18702
In base 5, what is 20444 - -100?
21044
In base 5, what is -4 + 2121?
2112
In base 7, what is -64360 - 0?
-64360
In base 15, what is -4982a - -1?
-49829
In base 16, what is -86ec + -9d?
-8789
In base 5, what is -441414 + -4?
-441423
In base 12, what is -a3465 - -1?
-a3464
In base 7, what is -13325 + -3?
-13331
In base 15, what is -7 - 4bce?
-4bd6
In base 10, what is 4 + -101775?
-101771
In base 10, what is -176428 - 0?
-176428
In base 15, what is 1 + -1bc4?
-1bc3
In base 9, what is -535 - 148?
-684
In base 7, what is 3 - -206416?
206422
In base 14, what is d - -43c?
44b
In base 9, what is -3 + -220482?
-220485
In base 12, what is 106 - 80?
46
In base 11, what is 6 - 544065?
-54405a
In base 12, what is 1215 - 0?
1215
In base 3, what is 21221102200 + -11?
21221102112
In base 5, what is -4 + -41300?
-41304
In base 6, what is 443131 + 3?
443134
In base 11, what is -2086 - 6?
-2091
In base 12, what is 2a - 2390?
-2362
In base 11, what is -794 + 22?
-772
In base 11, what is -2 + -2658?
-265a
In base 11, what is -70 - 1561?
-1621
In base 8, what is 1 + -601640?
-601637
In base 4, what is -221331 + 1203?
-220122
In base 9, what is -3 + -16326?
-16330
In base 12, what is -14013 - -4?
-1400b
In base 4, what is -231 + 2301?
2010
In base 13, what is 389 + 137?
4c3
In base 7, what is 4 + 5651166?
5651203
In base 15, what is 1 - 46a5?
-46a4
In base 8, what is -20633 + 16?
-20615
In base 16, what is 5 - -8b?
90
In base 5, what is -10311321 - -12?
-10311304
In base 8, what is 63030 + 1?
63031
In base 11, what is -9219 + -1?
-921a
In base 6, what is 30 - -14032?
14102
In base 2, what is 100001111101001010111 - 100?
100001111101001010011
In base 14, what is -680 + -99?
-739
In base 7, what is -56551 + -50?
-56631
In base 14, what is 56230 + -5?
56229
In base 13, what is -2969b1 + -2?
-2969b3
In base 6, what is -3 - 35232211?
-35232214
In base 6, what is 42 + -140220?
-140134
In base 2, what is -101100 + 1111111000?
1111001100
In base 6, what is -52 + -112240?
-112332
In base 2, what is -11010100000100111 + 1001?
-11010100000011110
In base 14, w